 the greatest common divisor of 1 and 97?
1
What is the highest common divisor of 5532 and 12?
12
Calculate the highest common divisor of 20 and 10.
10
Calculate the highest common divisor of 200 and 16.
8
What is the highest common divisor of 21 and 1155?
21
Calculate the greatest common factor of 32 and 24.
8
What is the greatest common divisor of 45 and 5445?
45
Calculate the greatest common factor of 3 and 8709.
3
Calculate the greatest common factor of 336 and 496.
16
What is the greatest common divisor of 153 and 850?
17
What is the highest common factor of 1408 and 253?
11
What is the greatest common divisor of 26 and 6?
2
What is the highest common divisor of 1386 and 279?
9
Calculate the highest common factor of 33 and 957.
33
What is the highest common divisor of 33 and 352?
11
What is the greatest common divisor of 154 and 539?
77
Calculate the greatest common factor of 551 and 899.
29
Calculate the greatest common divisor of 28 and 3556.
28
What is the highest common factor of 5239 and 31?
31
Calculate the highest common factor of 10824 and 66.
66
What is the highest common divisor of 999 and 27?
27
Calculate the highest common factor of 510 and 1938.
102
What is the greatest common divisor of 6468 and 84?
84
What is the highest common divisor of 341 and 22?
11
What is the highest common divisor of 232 and 754?
58
Calculate the highest common factor of 636 and 2028.
12
Calculate the highest common divisor of 735 and 35.
35
Calculate the highest common factor of 780 and 468.
156
Calculate the greatest common divisor of 2007 and 9.
9
What is the highest common divisor of 8164 and 471?
157
What is the greatest common factor of 12 and 1842?
6
Calculate the highest common factor of 504 and 8.
8
What is the greatest common factor of 192 and 48?
48
What is the greatest common factor of 500 and 250?
250
What is the greatest common divisor of 180 and 25830?
90
Calculate the highest common factor of 73 and 584.
73
Calculate the greatest common divisor of 108 and 90.
18
What is the greatest common factor of 269 and 33625?
269
Calculate the highest common divisor of 893 and 94.
47
Calculate the greatest common factor of 3408 and 12.
12
What is the highest common factor of 405 and 20?
5
What is the highest common divisor of 18954 and 104?
26
Calculate the greatest common factor of 5123 and 94.
47
Calculate the greatest common divisor of 1265 and 880.
55
What is the greatest common divisor of 5580 and 72?
36
What is the greatest common factor of 320 and 25?
5
What is the highest common divisor of 1131 and 117?
39
What is the highest common divisor of 242 and 110?
22
What is the highest common divisor of 72814 and 98?
98
Calculate the highest common factor of 280 and 616.
56
Calculate the greatest common factor of 1518 and 44.
22
What is the highest common factor of 112 and 5264?
112
What is the greatest common factor of 539 and 98?
49
What is the highest common factor of 114 and 1558?
38
Calculate the highest common factor of 160 and 760.
40
What is the highest common divisor of 154 and 4?
2
What is the highest common divisor of 2808 and 24?
24
What is the greatest common divisor of 43 and 817?
43
Calculate the highest common factor of 629 and 74.
37
What is the highest common divisor of 40 and 100?
20
What is the greatest common divisor of 19 and 3952?
19
What is the greatest common factor of 9 and 1530?
9
Calculate the greatest common divisor of 140 and 364.
28
What is the greatest common factor of 2601 and 204?
51
Calculate the greatest common divisor of 710 and 8236.
142
Calculate the greatest common factor of 1 and 178.
1
Calculate the highest common divisor of 2156 and 88.
44
What is the greatest common factor of 207 and 276?
69
Calculate the highest common factor of 286 and 682.
22
Calculate the highest common divisor of 978 and 222.
6
What is the greatest common divisor of 1 and 73?
1
What is the highest common factor of 40 and 70?
10
What is the highest common divisor of 289 and 17?
17
What is the greatest common factor of 196 and 924?
28
What is the highest common divisor of 21 and 476?
7
Calculate the greatest common divisor of 898 and 2.
2
Calculate the highest common factor of 168 and 2289.
21
Calculate the greatest common divisor of 424 and 477.
53
Calculate the highest common divisor of 231 and 21.
21
What is the greatest common factor of 338 and 130?
26
What is the highest common divisor of 574 and 98?
14
Calculate the greatest common divisor of 2544 and 48.
48
What is the highest common divisor of 3100 and 31?
31
Calculate the greatest common factor of 44 and 231.
11
What is the highest common divisor of 7081 and 97?
97
What is the greatest common factor of 27 and 831?
3
What is the greatest common divisor of 20 and 930?
10
Calculate the greatest common divisor of 1545 and 15.
15
Calculate the greatest common factor of 585 and 208.
13
What is the highest common divisor of 1 and 40?
1
What is the greatest common factor of 3 and 1689?
3
What is the greatest common factor of 385 and 105?
35
What is the highest common factor of 3 and 4410?
3
Calculate the highest common factor of 87 and 928.
29
What is the greatest common divisor of 1463 and 2233?
77
What is the greatest common divisor of 12002 and 34?
34
What is the greatest common divisor of 16 and 364?
4
Calculate the greatest common divisor of 843 and 1.
1
Calculate the greatest common divisor of 5420 and 10.
10
Calculate the greatest common factor of 999 and 81.
27
Calculate the highest common factor of 1780 and 260.
20
What is the greatest common factor of 936 and 65?
13
Calculate the greatest common factor of 9513 and 302.
151
What is the greatest common factor of 36 and 252?
36
Calculate the highest common factor of 320 and 256.
64
What is the highest common factor of 110 and 25?
5
What is the greatest common divisor of 1725 and 69?
69
What is the greatest common divisor of 198 and 44?
22
Calculate the highest common divisor of 20 and 640.
20
Calculate the greatest common factor of 76 and 12.
4
Calculate the highest common factor of 1364 and 88.
44
What is the highest common factor of 2520 and 175?
35
Calculate the greatest common divisor of 120 and 2685.
15
What is the highest common divisor of 108 and 468?
36
Calculate the greatest common factor of 1674 and 126.
18
What is the highest common factor of 103 and 1339?
103
Calculate the highest common factor of 12 and 852.
12
Calculate the greatest common factor of 38 and 4598.
38
What is the greatest common factor of 9048 and 36?
12
What is the highest common divisor of 1014 and 24?
6
What is the highest common divisor of 1335 and 2403?
267
Calculate the highest common factor of 50 and 100.
50
Calculate the greatest common divisor of 36 and 2748.
12
Calculate the highest common divisor of 46 and 552.
46
Calculate the greatest common factor of 6179 and 334.
167
Calculate the highest common factor of 36 and 22968.
36
Calculate the highest common divisor of 16 and 28.
4
What is the greatest common divisor of 128 and 12416?
128
Calculate the greatest common divisor of 48 and 1328.
16
Calculate the highest common factor of 412 and 108.
4
Calculate the highest common factor of 212 and 4.
4
Calculate the greatest common factor of 98 and 133.
7
What is the greatest common divisor of 220 and 40?
20
Calculate the highest common factor of 21 and 133.
7
What is the highest common divisor of 840 and 21?
21
What is the highest common divisor of 17 and 10268?
17
Calculate the highest common factor of 926 and 2.
2
Calculate the greatest common factor of 13 and 507.
13
What is the highest common divisor of 1194 and 8?
2
What is the highest common factor of 48 and 162?
6
What is the greatest common divisor of 1241 and 17?
17
What is the greatest common divisor of 1219 and 53?
53
Calculate the highest common factor of 6 and 522.
6
What is the greatest common factor of 4620 and 14?
14
What is the highest common divisor of 8298 and 18?
18
Calculate the greatest common factor of 49 and 1470.
49
Calculate the greatest common divisor of 20 and 2530.
10
Calculate the greatest common factor of 54 and 54.
54
Calculate the highest common divisor of 581 and 28.
7
What is the highest common divisor of 91 and 611?
13
Calculate the greatest common fact